et m(h) = -25*h - 16. What is m(2)?
-66
Let g(q) = -5166*q + 67160. Calculate g(13).
2
Let m(g) = 90*g - 2. Give m(-3).
-272
Let h(r) = 126*r - 22. Determine h(1).
104
Let u(t) = 328*t + 656. Calculate u(-2).
0
Let b(y) = -y**3 + 75*y**2 - 150*y + 301. Determine b(73).
9
Let f(b) = -b**2 - 217*b - 3418. Give f(-200).
-18
Let w(g) = 4*g**2 - 67*g - 482. Give w(-6).
64
Let m(h) = -10*h + 285. What is m(17)?
115
Let u(f) = -147*f + 56. Determine u(1).
-91
Let b(y) = -56*y - 9470. What is b(-169)?
-6
Let a(d) = 2*d**2 - 53*d + 47. What is a(27)?
74
Let z(t) = -t**3 + 74*t**2 + 3*t - 247. Give z(74).
-25
Let x(u) = 101*u - 7677. Calculate x(76).
-1
Let t(k) = -848*k - 64448. What is t(-76)?
0
Let z(i) = i**3 + 39*i**2 + 39*i + 40. What is z(-38)?
2
Let j(w) = 31*w**2 + 241*w + 1219. What is j(-5)?
789
Let r(a) = a**3 + 21*a**2 - 76*a - 174. Determine r(-24).
-78
Let t(a) = a**3 - 138*a**2 - 561*a - 1006. What is t(142)?
-12
Let u(c) = -11*c + 19. Calculate u(-8).
107
Let d(l) = 3*l**3 + 33*l**2 + 87*l - 14. Determine d(-6).
4
Let a(n) = 26*n**3 - 5*n**2 - 28*n - 74. Give a(-3).
-737
Let p(b) = 34*b - 2406. Give p(71).
8
Let q(t) = 2*t**3 - 196*t**2 + 561*t + 853. Determine q(95).
-2
Let h(n) = -13*n**3 - n**2 + 2*n - 4. Calculate h(-2).
92
Let z(r) = 47*r - 1030. Calculate z(22).
4
Let l(q) = -4*q**3 + 8*q**2 + 12*q - 20. Determine l(6).
-524
Let c(b) = 6*b**2 - 224*b - 386. Calculate c(39).
4
Let u(g) = -g**3 + 8*g**2 + g - 54. What is u(3)?
-6
Let d(j) = -2*j**2 + 268*j - 4165. What is d(18)?
11
Let z(s) = 9*s**3 - 63*s**2 + 2*s - 23. Calculate z(5).
-463
Let a(z) = z**3 - 37*z - 112. Give a(9).
284
Let n(s) = s**3 + 3*s**2 + 6*s + 29. Calculate n(-5).
-51
Let n(x) = -x**3 - 92*x**2 + 184*x - 370. Calculate n(-94).
6
Let h(s) = s**3 - 14*s**2 + 19*s - 12. Determine h(13).
66
Let o(r) = -r**2 + 1213*r + 6104. What is o(-5)?
14
Let w(k) = -10*k - 359. Determine w(-58).
221
Let v(o) = -5*o**3 - 10*o**2 + 37*o. What is v(2)?
-6
Let m(s) = -14*s**3 + s**2 + 2*s - 3. Determine m(1).
-14
Let d(l) = -3*l**3 - 5*l**2 - 69*l - 337. Give d(-5).
258
Let p(g) = -8*g**2 - 320*g - 8. Determine p(-40).
-8
Let k(s) = -s**3 - 34*s**2 + 157*s + 500. Calculate k(6).
2
Let k(f) = 4*f**2 + 316*f + 26. Give k(-78).
-286
Let m(n) = 70*n + 8112. What is m(-116)?
-8
Let y(q) = 426*q**2 + q - 2. Determine y(-1).
423
Let x(i) = -2*i**3 - 7*i**2 + 13*i - 56. Give x(0).
-56
Let u(m) = 6*m**2 + 284*m - 1111. What is u(-51)?
11
Let x(f) = -f**3 - 2*f**2 - 9*f - 47. Give x(-5).
73
Let b(x) = -x**2 - 92*x - 446. Give b(-5).
-11
Let u(y) = 2*y**3 + 9*y**2 - 22*y - 98. Calculate u(-4).
6
Let h(q) = -453*q + 4512. Give h(10).
-18
Let b(y) = -y**3 - y**2 + 50*y - 37. Determine b(-8).
11
Let h(f) = -2*f**2 - 10*f - 6. Determine h(3).
-54
Let b(t) = 1107*t - 1092. Give b(1).
15
Let q(w) = -1325*w**2 - 2638*w + 4. Determine q(-2).
-20
Let l(g) = -13*g + 453. What is l(38)?
-41
Let k(w) = -2*w**3 + 47*w**2 + 251*w - 5. Give k(28).
-33
Let s(v) = v**2 + 46*v - 522. What is s(-55)?
-27
Let c(g) = 85*g + 136. Calculate c(-2).
-34
Let n(h) = 52*h**2 - 2747*h - 452. Determine n(53).
25
Let y(s) = s**3 - 78*s**2 + 54*s + 1777. Determine y(77).
6
Let f(r) = -r**2 - 193*r + 795. Determine f(4).
7
Let x(s) = 1473*s - 4426. Determine x(3).
-7
Let c(d) = -39*d - 208. What is c(-3)?
-91
Let q(u) = 27*u - 123. Give q(11).
174
Let o(d) = -851*d + 10211. Determine o(12).
-1
Let v(i) = i**3 + 45*i**2 + 60*i + 690. Calculate v(-44).
-14
Let j(z) = -460*z - 1369. Give j(-3).
11
Let i(d) = 489*d + 425. What is i(-1)?
-64
Let w(u) = -328*u + 23612. Determine w(72).
-4
Let c(w) = w**2 - 15*w - 2286. Calculate c(-41).
10
Let n(d) = -2*d**2 - 201*d - 2934. Calculate n(-18).
36
Let d(f) = -f**3 - 21*f**2 + 116*f + 1624. What is d(-23)?
14
Let f(q) = -3*q**2 + 74*q - 284. What is f(5)?
11
Let w(x) = 948*x + 12297. Calculate w(-13).
-27
Let q(x) = 156*x - 4666. What is q(30)?
14
Let t(z) = -z**3 - 53*z**2 - 51*z + 35. Determine t(-52).
-17
Let x(d) = d**3 - 106*d**2 + 210*d - 185. Calculate x(104).
23
Let q(r) = -9*r**2 + 503*r + 44. What is q(56)?
-12
Let s(q) = 13*q + 290. Determine s(-17).
69
Let t(w) = -8*w**3 + 143*w**2 + 21*w - 45. Give t(18).
9
Let h(k) = k**3 + 3*k**2 - 6*k + 6. Calculate h(0).
6
Let u(j) = -23*j**3 - 3*j**2 + 13*j + 13. Determine u(-1).
20
Let q(m) = 48*m**2 + 19*m + 3. What is q(-4)?
695
Let g(b) = -3*b**2 - 94*b + 22. Determine g(-32).
-42
Let o(k) = k**3 - 8*k**2 + 60*k - 273. What is o(6)?
15
Let s(u) = -u**3 + 24*u**2 + 29*u + 41. What is s(25)?
141
Let w(k) = k**3 + 25*k**2 + 153*k + 49. Give w(-15).
4
Let p(n) = 6*n**2 + 18*n + 4. Give p(-3).
4
Let u(a) = 2*a**3 - 6*a**2 + a - 9. What is u(5)?
96
Let b(h) = 4*h**2 + 269*h - 768. Determine b(-70).
2
Let v(u) = 29*u - 1466. Calculate v(51).
13
Let v(f) = -f**2 + 252*f - 5055. What is v(22)?
5
Let t(a) = a**3 - 13*a**2 + 8*a + 21. What is t(13)?
125
Let f(q) = -3*q**3 - 2*q**2 - 12*q + 3. Determine f(0).
3
Let i(l) = -l**3 - 9*l**2 - 38*l - 154. Determine i(-9).
188
Let p(f) = f**3 + 25*f**2 - 50*f + 4. Give p(-27).
-104
Let a(o) = 29*o + 830. Calculate a(-35).
-185
Let x(k) = 665*k + 5968. Calculate x(-9).
-17
Let p(v) = -140*v - 420. What is p(-3)?
0
Let l(m) = 251*m - 496. Calculate l(2).
6
Let q(l) = -l**2 + 21*l - 11. Calculate q(17).
57
Let r(s) = s**2 - s - 631. Give r(28).
125
Let v(k) = 4*k**2 - 59*k - 66. Calculate v(16).
14
Let u(h) = -9*h - 269. What is u(-14)?
-143
Let o(a) = -a**2 + 13*a + 226. Calculate o(27).
-152
Let p(o) = -8*o - 13. Give p(5).
-53
Let s(u) = -u**3 - 14*u**2 - 43*u + 12. Give s(-5).
2
Let u(p) = p**3 - 15*p**2 - 34*p + 679. Determine u(14).
7
Let q(n) = 4*n**2 + 173*n + 67. Calculate q(-44).
199
Let y(t) = -t**3 + 10*t**2 - 8*t + 3. Give y(6).
99
Let y(u) = 806*u - 5700. Give y(7).
-58
Let l(m) = 285*m - 9128. What is l(32)?
-8
Let w(c) = 2*c**3 - 2*c**2 - 7*c + 11. Give w(-6).
-451
Let f(n) = 51*n - 147. Calculate f(3).
6
Let c(t) = t**3 - 48*t**2 + 96*t - 221. What is c(46)?
-37
Let a(b) = -b**3 + 11*b**2 + 21*b - 33. What is a(13)?
-98
Let x(v) = -78*v - 1593. Calculate x(-20).
-33
Let w(b) = -b**3 + 9*b**2 - 26*b. Calculate w(6).
-48
Let r(f) = f**2 - 6*f - 26. Determine r(14).
86
Let x(l) = -160*l - 1452. Determine x(-9).
-12
Let x(h) = 56*h**2 - 3*h + 31. Calculate x(-4).
939
Let q(d) = 9*d**2 + 63*d - 73. Calculate q(-8).
-1
Let f(x) = 165*x - 165. Calculate f(1).
0
Let q(a) = 40*a + 24. Calculate q(3).
144
Let t(b) = -62*b + 103. Give t(1).
41
Let z(x) = -124*x + 815. Determine z(12).
-673
Let x(b) = -2*b**2 + 48*b + 513. What is x(29)?
223
Let q(o) = -108*o - 6421. Calculate q(-58).
-157
Let t(g) = g**3 - 10*g**2 + 22*g - 6. Give t(3).
-3
Let m(j) = -j**3 - 32*j**2 - 3*j - 48. Give m(-32).
48
Let g(i) = -i**3 + 6*i**2 - 165*i + 1143. Calculate g(7).
-61
Let n(b) = 11*b - 523. What is n(21)?
-292
Let r(k) = -126*k - 191. Determine r(-8).
817
Let t(y) = -4*y**3 - y**2 - 994*y - 993. What is t(-1)?
4
Let z(v) = -v**3 + 34*v**2 + 74*v - 63. Calculate z(36).
9
Let h(j) = 2*j**2 - 67*j + 313. Determine h(28).
5
Let m(n) = -282*n**2 - 1407*n + 9. Give m(-5).
-6
Let w(t) = 2*t**2 + 5*t - 102. Give w(-13).
171
Let q(c) = c**3 - 51*c**2 + 234*c - 185. What is q(46)?
-1
Let g(x) = -266*x - 77665. What is g(-292)?
7
Let y(s) = -s**2 - 35*s - 57. Determine y(-5).
93
Let y(s) = 37*s**2 + 62*s - 116. Calculate y(1).
-17
Let c(j) = -j**2 - 139*j - 4093. What is c(-99)?
-133
Let d(l) = 2*l**3 - 102*l**2 + 366*l + 500. What is d(47)?
30
Let q(x) = 365*x + 3228. What is q(-9)?
-57
Let l(g) = -166*g - 31380. Calculate l(-189).
-6
Let t(m) = -m**3 - 3*m**2 + 69*m + 287. Give t(-4).
27
Let q(x) = -x**2 + 35*x + 105. Give q(28).
301
Let h(y) = y**3 + 4*y**2 - 18*y + 30. Determine h(-7).
9
Let u(z) = -400*z + 159601. What is u(399)?
1
Let y(z) = -7*z**2 - 346*z + 929. Determine y(-52).
-7
Let z(r) = r**3 + 43*r**2 - 317*r - 1146. What is z(-49)?
-19
Let i(s) = -2*s**3 + 7*s**2 + 22*s - 73. Calculate i(6).
-121
Let b(z) = 2*z**3 + 44*z**2 - 49*z - 151. What is b(-23)?
-82
Let b(n) = n**3 + n**2 + 55*n + 220. Give b(-4).
-48
Let v(j) = 79*j**2 + 12877*j - 7. Give v(-163).
-7
Let w(s) = 9*s + 162. What is w(42)?
540
Let j(z) = 296*z - 1675. What is j(6)?
101
Let v(m) = -m**3 + 20*m**2 + 77*m - 119. What is v(23)